{"id":1829,"date":"2022-04-08T18:24:38","date_gmt":"2022-04-08T16:24:38","guid":{"rendered":"http:\/\/msradost.com\/5kvetna1701\/?page_id=1829"},"modified":"2025-04-24T21:10:00","modified_gmt":"2025-04-24T19:10:00","slug":"predplavecky-vycvik","status":"publish","type":"page","link":"https:\/\/msradost.com\/5kvetna1701\/predplavecky-vycvik\/","title":{"rendered":"P\u0159edplaveck\u00fd v\u00fdcvik"},"content":{"rendered":"\n<p class=\"has-very-dark-gray-color has-text-color\">\u00dakolem tohoto p\u0159edplaveck\u00e9ho kurzu je formou hry nau\u010dit d\u011bti neb\u00e1t se vody, orientaci ve vod\u011b, pono\u0159it si obli\u010dej, fouk\u00e1n\u00ed do vody, d\u00fdch\u00e1n\u00ed a to v\u0161e pat\u0159\u00ed pr\u016fpravn\u00fdm \u010dinnostem a z\u00e1klad\u016fm plav\u00e1n\u00ed. K v\u00fduce neodmysliteln\u011b pat\u0159\u00ed bezpe\u010dnostn\u00ed a z\u00e1rove\u0148 z\u00e1bavn\u00e9 pom\u016fcky, kter\u00e9 plaveck\u00e1 \u0161kola obnovuje a st\u00e1le p\u0159ich\u00e1z\u00ed s nov\u00fdmi n\u00e1pady jak v\u00fduku zpest\u0159it. Na z\u00e1v\u011br d\u011bti dostanou za sv\u00e9 sna\u017een\u00ed MOKR\u00c9 VYSV\u011aD\u010cEN\u00cd.<\/p>\n\n\n\n<p class=\"has-very-dark-gray-color has-text-color\">Plav\u00e1n\u00ed rovnom\u011brn\u011b zat\u011b\u017euje v\u0161echny svaly, nezat\u011b\u017euje klouby a m\u016f\u017ee se provozovat v jak\u00e9mkoliv v\u011bku. Nejen proto je nejobl\u00edben\u011bj\u0161\u00edm a nejzdrav\u011bj\u0161\u00edm sportem. Je tak\u00e9 skv\u011bl\u00fdm p\u0159irozen\u00fdm otu\u017eovac\u00edm prost\u0159edkem.<\/p>\n\n\n\n<p class=\"has-very-dark-gray-color has-text-color\">V\u00fduku prov\u00e1d\u00ed s d\u011btmi v\u017edy instruktorka plav\u00e1n\u00ed , pan\u00ed u\u010ditelky jsou p\u0159\u00edtomn\u00e9 a n\u00e1pomocn\u00e9, z\u00e1rove\u0148 poskytnou d\u011btem bezpe\u010dn\u00fd doprovod na wc.<\/p>\n\n\n\n<p class=\"has-very-dark-gray-color has-text-color\">Velkou v\u00fdhodou pro na\u0161\u00ed \u0161kolku je, \u017ee m\u00e1me baz\u00e9n tak\u0159ka na dosah a nemus\u00edme doj\u00ed\u017ed\u011bt autobusem, \u010d\u00edm\u017e by se cena kurzu v\u00fdrazn\u011b zv\u00fd\u0161ila.<\/p>\n\n\n\n<p class=\"has-very-dark-gray-color has-text-color\">D\u011bti maj\u00ed s sebou plavky, ru\u010dn\u00edk a d\u011bv\u010d\u00e1tka PLAVECKOU \u010cEPICI!<\/p>\n\n\n\n<div class=\"wp-block-columns is-layout-flex wp-container-core-columns-is-layout-9d6595d7 wp-block-columns-is-layout-flex\">\n<div class=\"wp-block-column is-layout-flow wp-block-column-is-layout-flow\">\n<figure class=\"wp-block-image size-large\"><img loading=\"lazy\" decoding=\"async\" width=\"1024\" height=\"768\" src=\"https:\/\/msradost.com\/5kvetna1701\/wp-content\/uploads\/2025\/04\/481058772_1840491496736395_6273608422455398043_n-1024x768.jpg\" alt=\"\" class=\"wp-image-2918\" srcset=\"https:\/\/msradost.com\/5kvetna1701\/wp-content\/uploads\/2025\/04\/481058772_1840491496736395_6273608422455398043_n-1024x768.jpg 1024w, https:\/\/msradost.com\/5kvetna1701\/wp-content\/uploads\/2025\/04\/481058772_1840491496736395_6273608422455398043_n-768x576.jpg 768w, https:\/\/msradost.com\/5kvetna1701\/wp-content\/uploads\/2025\/04\/481058772_1840491496736395_6273608422455398043_n-1536x1152.jpg 1536w, https:\/\/msradost.com\/5kvetna1701\/wp-content\/uploads\/2025\/04\/481058772_1840491496736395_6273608422455398043_n.jpg 2048w\" sizes=\"auto, (max-width: 1024px) 100vw, 1024px\" \/><\/figure>\n<\/div>\n\n\n\n<div class=\"wp-block-column is-layout-flow wp-block-column-is-layout-flow\">\n<figure class=\"wp-block-image size-large\"><img loading=\"lazy\" decoding=\"async\" width=\"1024\" height=\"768\" src=\"https:\/\/msradost.com\/5kvetna1701\/wp-content\/uploads\/2025\/04\/fotografie-1024x768.jpg\" alt=\"\" class=\"wp-image-2917\" srcset=\"https:\/\/msradost.com\/5kvetna1701\/wp-content\/uploads\/2025\/04\/fotografie-1024x768.jpg 1024w, https:\/\/msradost.com\/5kvetna1701\/wp-content\/uploads\/2025\/04\/fotografie-768x576.jpg 768w, https:\/\/msradost.com\/5kvetna1701\/wp-content\/uploads\/2025\/04\/fotografie-1536x1152.jpg 1536w, https:\/\/msradost.com\/5kvetna1701\/wp-content\/uploads\/2025\/04\/fotografie.jpg 1600w\" sizes=\"auto, (max-width: 1024px) 100vw, 1024px\" \/><\/figure>\n<\/div>\n<\/div>\n","protected":false},"excerpt":{"rendered":"<p>\u00dakolem tohoto p\u0159edplaveck\u00e9ho kurzu je formou hry nau\u010dit d\u011bti neb\u00e1t se vody, orientaci ve vod\u011b, pono\u0159it si obli\u010dej, fouk\u00e1n\u00ed do&#8230;<\/p>\n","protected":false},"author":2,"featured_media":0,"parent":0,"menu_order":0,"comment_status":"closed","ping_status":"closed","template":"","meta":{"footnotes":""},"class_list":["post-1829","page","type-page","status-publish","hentry"],"_links":{"self":[{"href":"https:\/\/msradost.com\/5kvetna1701\/wp-json\/wp\/v2\/pages\/1829","targetHints":{"allow":["GET"]}}],"collection":[{"href":"https:\/\/msradost.com\/5kvetna1701\/wp-json\/wp\/v2\/pages"}],"about":[{"href":"https:\/\/msradost.com\/5kvetna1701\/wp-json\/wp\/v2\/types\/page"}],"author":[{"embeddable":true,"href":"https:\/\/msradost.com\/5kvetna1701\/wp-json\/wp\/v2\/users\/2"}],"replies":[{"embeddable":true,"href":"https:\/\/msradost.com\/5kvetna1701\/wp-json\/wp\/v2\/comments?post=1829"}],"version-history":[{"count":4,"href":"https:\/\/msradost.com\/5kvetna1701\/wp-json\/wp\/v2\/pages\/1829\/revisions"}],"predecessor-version":[{"id":2920,"href":"https:\/\/msradost.com\/5kvetna1701\/wp-json\/wp\/v2\/pages\/1829\/revisions\/2920"}],"wp:attachment":[{"href":"https:\/\/msradost.com\/5kvetna1701\/wp-json\/wp\/v2\/media?parent=1829"}],"curies":[{"name":"wp","href":"https:\/\/api.w.org\/{rel}","templated":true}]}}