{"id":313,"date":"2018-09-23T18:46:11","date_gmt":"2018-09-23T16:46:11","guid":{"rendered":"http:\/\/msradost.com\/5kvetna1701\/?page_id=313"},"modified":"2025-08-12T07:31:39","modified_gmt":"2025-08-12T05:31:39","slug":"projekty","status":"publish","type":"page","link":"https:\/\/msradost.com\/5kvetna1701\/projekty\/","title":{"rendered":"Projekty"},"content":{"rendered":"<ul>\n<li>\n<h4><a href=\"https:\/\/msradost.com\/5kvetna1701\/wp-content\/uploads\/2025\/08\/Publicita-Sablony-OP-JAK-II.pdf\">OP JAK (\u0160ablony II)<\/a><\/h4>\n<\/li>\n<li>\n<h4><a href=\"https:\/\/www.youtube.com\/watch?v=qAbOitnG_Gs&amp;feature=youtu.be\">Film pro rodi\u010de d\u011bt\u00ed M\u0160<\/a><\/h4>\n<\/li>\n<li>\n<h4><a href=\"https:\/\/msradost.com\/5kvetna1701\/wp-content\/uploads\/2023\/06\/EKOLOGICK\u00dd-PROJEKT-M\u00da-2023-M\u0160-Radost-5.kv\u011btna-1701.docx\">Ekologick\u00fd projekt 2023<\/a><\/h4>\n<\/li>\n<li>\n<h4><a href=\"https:\/\/msradost.com\/5kvetna1701\/wp-content\/uploads\/2023\/01\/\u0160ablony-2022-v-M\u0160-Radost.docx\">OP JAK (\u0160ablony III)<\/a><\/h4>\n<\/li>\n<li>\n<h4><a href=\"https:\/\/msradost.com\/5kvetna1701\/wp-content\/uploads\/2021\/11\/Publicita-\u0160ablony-III..pdf\">Rozum\u011bt znamen\u00e1 pom\u00e1hat III<\/a><\/h4>\n<\/li>\n<li>\n<h4><a href=\"http:\/\/msradost.com\/5kvetna1701\/wp-content\/uploads\/2019\/09\/Rozum\u011bt-znamen\u00e1-pom\u00e1hat-II.pdf\">Rozum\u011bt znamen\u00e1 pom\u00e1hat II<\/a><\/h4>\n<\/li>\n<li>\n<h4><a href=\"http:\/\/msradost.com\/5kvetna1701\/wp-content\/uploads\/2019\/01\/projekty.pdf\">Rozum\u011bt znamen\u00e1 pom\u00e1hat<\/a><\/h4>\n<\/li>\n<li>\n<h4><a href=\"http:\/\/msradost.com\/5kvetna1701\/wp-content\/uploads\/2019\/09\/projekt_odpady.pdf\">P\u0159edch\u00e1zen\u00ed odpadu<\/a><\/h4>\n<\/li>\n<\/ul>\n","protected":false},"excerpt":{"rendered":"<p>OP JAK (\u0160ablony II) Film pro rodi\u010de d\u011bt\u00ed M\u0160 Ekologick\u00fd projekt 2023 OP JAK (\u0160ablony III) Rozum\u011bt znamen\u00e1 pom\u00e1hat III&#8230;<\/p>\n","protected":false},"author":2,"featured_media":0,"parent":0,"menu_order":0,"comment_status":"closed","ping_status":"closed","template":"","meta":{"footnotes":""},"class_list":["post-313","page","type-page","status-publish","hentry"],"_links":{"self":[{"href":"https:\/\/msradost.com\/5kvetna1701\/wp-json\/wp\/v2\/pages\/313","targetHints":{"allow":["GET"]}}],"collection":[{"href":"https:\/\/msradost.com\/5kvetna1701\/wp-json\/wp\/v2\/pages"}],"about":[{"href":"https:\/\/msradost.com\/5kvetna1701\/wp-json\/wp\/v2\/types\/page"}],"author":[{"embeddable":true,"href":"https:\/\/msradost.com\/5kvetna1701\/wp-json\/wp\/v2\/users\/2"}],"replies":[{"embeddable":true,"href":"https:\/\/msradost.com\/5kvetna1701\/wp-json\/wp\/v2\/comments?post=313"}],"version-history":[{"count":13,"href":"https:\/\/msradost.com\/5kvetna1701\/wp-json\/wp\/v2\/pages\/313\/revisions"}],"predecessor-version":[{"id":3023,"href":"https:\/\/msradost.com\/5kvetna1701\/wp-json\/wp\/v2\/pages\/313\/revisions\/3023"}],"wp:attachment":[{"href":"https:\/\/msradost.com\/5kvetna1701\/wp-json\/wp\/v2\/media?parent=313"}],"curies":[{"name":"wp","href":"https:\/\/api.w.org\/{rel}","templated":true}]}}