{"id":3094,"date":"2026-02-18T17:54:41","date_gmt":"2026-02-18T16:54:41","guid":{"rendered":"https:\/\/msradost.com\/svazarmovska1444\/?page_id=3094"},"modified":"2026-02-18T18:00:06","modified_gmt":"2026-02-18T17:00:06","slug":"metoda-dobreho-startu","status":"publish","type":"page","link":"https:\/\/msradost.com\/svazarmovska1444\/metoda-dobreho-startu\/","title":{"rendered":"Metoda dobr\u00e9ho startu"},"content":{"rendered":"\n<p><mark style=\"background-color:rgba(0, 0, 0, 0)\" class=\"has-inline-color has-black-color\">Ve t\u0159\u00edd\u011b Medv\u00eddk\u016f- u p\u0159ed\u0161kol\u00e1k\u016f, pracujeme s Metodou dobr\u00e9ho startu \u2013 stimula\u010dn\u00edm a rehabilita\u010dn\u00edm programem, kter\u00fd propojuje sluchov\u00e9, pohybov\u00e9 a zrakov\u00e9 vn\u00edm\u00e1n\u00ed (tzv. akusticko-motorick\u00e1 metoda). D\u00edky n\u00ed si d\u011bti rozv\u00edjej\u00ed koordinaci, grafomotoriku, rovnov\u00e1hu, koncentraci i schopnost soust\u0159ed\u011bn\u00ed, a p\u0159irozenou cestou se p\u0159ipravuj\u00ed na \u00fasp\u011b\u0161n\u00fd vstup do \u0161koly.<\/mark><\/p>\n\n\n\n<p><mark style=\"background-color:rgba(0, 0, 0, 0)\" class=\"has-inline-color has-black-color\">D\u011bti se b\u011bhem programu u\u010d\u00ed prost\u0159ednictv\u00edm pohybov\u00fdch, rytmick\u00fdch a grafomotorick\u00fdch aktivit, kter\u00e9 podporuj\u00ed jejich kognitivn\u00ed i motorick\u00fd rozvoj, a z\u00e1rove\u0148 je u\u010d\u00ed spolupr\u00e1ci, trp\u011blivosti a sebev\u011bdom\u00ed. Ka\u017ed\u00e9 cvi\u010den\u00ed je hrav\u00e9, z\u00e1bavn\u00e9 a bezpe\u010dn\u00e9, aby d\u011bti pro\u017e\u00edvaly radost z u\u010den\u00ed a objevov\u00e1n\u00ed vlastn\u00edch schopnost\u00ed.<\/mark><\/p>\n\n\n\n<p><mark style=\"background-color:rgba(0, 0, 0, 0)\" class=\"has-inline-color has-black-color\">Program prob\u00edh\u00e1 p\u0159edev\u0161\u00edm ve t\u0159\u00edd\u011b Medv\u00eddk\u016f pod veden\u00edm zku\u0161en\u00fdch pan\u00ed u\u010ditelek Petry Solansk\u00e9 a Terezy \u010c\u00e1ste\u010dkov\u00e9, kter\u00e9 d\u011bti citliv\u011b podporuj\u00ed a motivuj\u00ed, aby ka\u017ed\u00fd pokrok byl pro d\u00edt\u011b pozitivn\u00edm z\u00e1\u017eitkem. Tato metoda je skv\u011blou kombinac\u00ed u\u010den\u00ed, hry a pohybu a d\u011bti d\u00edky n\u00ed z\u00edsk\u00e1vaj\u00ed pevn\u00fd z\u00e1klad pro \u0161koln\u00ed i osobn\u00ed rozvoj.<\/mark><\/p>\n","protected":false},"excerpt":{"rendered":"<p>Ve t\u0159\u00edd\u011b Medv\u00eddk\u016f- u p\u0159ed\u0161kol\u00e1k\u016f, pracujeme s Metodou dobr\u00e9ho startu \u2013 stimula\u010dn\u00edm a rehabilita\u010dn\u00edm programem, kter\u00fd propojuje sluchov\u00e9, pohybov\u00e9 a&#8230;<\/p>\n","protected":false},"author":2,"featured_media":0,"parent":0,"menu_order":0,"comment_status":"closed","ping_status":"closed","template":"","meta":{"footnotes":""},"class_list":["post-3094","page","type-page","status-publish","hentry"],"_links":{"self":[{"href":"https:\/\/msradost.com\/svazarmovska1444\/wp-json\/wp\/v2\/pages\/3094","targetHints":{"allow":["GET"]}}],"collection":[{"href":"https:\/\/msradost.com\/svazarmovska1444\/wp-json\/wp\/v2\/pages"}],"about":[{"href":"https:\/\/msradost.com\/svazarmovska1444\/wp-json\/wp\/v2\/types\/page"}],"author":[{"embeddable":true,"href":"https:\/\/msradost.com\/svazarmovska1444\/wp-json\/wp\/v2\/users\/2"}],"replies":[{"embeddable":true,"href":"https:\/\/msradost.com\/svazarmovska1444\/wp-json\/wp\/v2\/comments?post=3094"}],"version-history":[{"count":2,"href":"https:\/\/msradost.com\/svazarmovska1444\/wp-json\/wp\/v2\/pages\/3094\/revisions"}],"predecessor-version":[{"id":3106,"href":"https:\/\/msradost.com\/svazarmovska1444\/wp-json\/wp\/v2\/pages\/3094\/revisions\/3106"}],"wp:attachment":[{"href":"https:\/\/msradost.com\/svazarmovska1444\/wp-json\/wp\/v2\/media?parent=3094"}],"curies":[{"name":"wp","href":"https:\/\/api.w.org\/{rel}","templated":true}]}}