{"id":3096,"date":"2026-02-18T17:55:43","date_gmt":"2026-02-18T16:55:43","guid":{"rendered":"https:\/\/msradost.com\/svazarmovska1444\/?page_id=3096"},"modified":"2026-02-22T17:08:22","modified_gmt":"2026-02-22T16:08:22","slug":"detska-kuchynka-v-atelieru","status":"publish","type":"page","link":"https:\/\/msradost.com\/svazarmovska1444\/detska-kuchynka-v-atelieru\/","title":{"rendered":"D\u011btsk\u00e1 kuchy\u0148ka v ateli\u00e9ru"},"content":{"rendered":"\n<p><mark style=\"background-color:rgba(0, 0, 0, 0)\" class=\"has-inline-color has-black-color\">V na\u0161em \u0161kolkov\u00e9m ateli\u00e9ru m\u00e1me vlastn\u00ed d\u011btskou kuchy\u0148ku, kde d\u011bti pravideln\u011b va\u0159\u00ed, pe\u010dou a objevuj\u00ed radost z p\u0159\u00edpravy j\u00eddla. Tato aktivita propojuje praktick\u00e9 dovednosti s u\u010den\u00edm hrou \u2013 d\u011bti se u\u010d\u00ed m\u011b\u0159it, m\u00edchat, pozorovat zm\u011bny surovin p\u0159i va\u0159en\u00ed \u010di pe\u010den\u00ed a z\u00e1rove\u0148 rozv\u00edjej\u00ed svou jemnou motoriku, soust\u0159ed\u011bn\u00ed a zodpov\u011bdnost.<\/mark><\/p>\n\n\n\n<p><mark style=\"background-color:rgba(0, 0, 0, 0)\" class=\"has-inline-color has-black-color\">Va\u0159en\u00ed a pe\u010den\u00ed prob\u00edh\u00e1 v\u017edy bezpe\u010dn\u011b a pod dohledem pan\u00ed u\u010ditelek, kter\u00e9 d\u011bti podporuj\u00ed a u\u010d\u00ed je z\u00e1klad\u016fm hygieny, spr\u00e1vn\u00e9mu zach\u00e1zen\u00ed s n\u00e1stroji a spolupr\u00e1ci ve skupin\u011b. D\u011bti si tak osvojuj\u00ed nejen praktick\u00e9 \u017eivotn\u00ed dovednosti, ale i t\u00fdmovou pr\u00e1ci, trp\u011blivost a kreativitu.<\/mark><\/p>\n\n\n\n<p><mark style=\"background-color:rgba(0, 0, 0, 0)\" class=\"has-inline-color has-black-color\">Kouzlo vlastn\u00ed kuchy\u0148ky spo\u010d\u00edv\u00e1 tak\u00e9 v tom, \u017ee d\u011bti si mohou v\u00fdsledky sv\u00e9 pr\u00e1ce samy ochutnat a s hrdost\u00ed si je odn\u00e9st dom\u016f, co\u017e podporuje radost z tvo\u0159en\u00ed a motivuje je zkou\u0161et nov\u00e9 recepty. Ka\u017ed\u00e1 lekce v kuchy\u0148ce je tak kombinac\u00ed u\u010den\u00ed, z\u00e1bavy a skv\u011bl\u00fdch chut\u00ed, kter\u00e9 d\u011bti opravdu bav\u00ed.<\/mark><\/p>\n\n\n\n<figure class=\"wp-block-image size-large\"><img loading=\"lazy\" decoding=\"async\" width=\"1024\" height=\"768\" src=\"https:\/\/msradost.com\/svazarmovska1444\/wp-content\/uploads\/2026\/02\/att.2coeHOulskSVGBBjftr5dEyF199um5LBk9iAdsek-qA-1024x768.jpeg\" alt=\"\" class=\"wp-image-3113\" srcset=\"https:\/\/msradost.com\/svazarmovska1444\/wp-content\/uploads\/2026\/02\/att.2coeHOulskSVGBBjftr5dEyF199um5LBk9iAdsek-qA-1024x768.jpeg 1024w, https:\/\/msradost.com\/svazarmovska1444\/wp-content\/uploads\/2026\/02\/att.2coeHOulskSVGBBjftr5dEyF199um5LBk9iAdsek-qA-768x576.jpeg 768w, https:\/\/msradost.com\/svazarmovska1444\/wp-content\/uploads\/2026\/02\/att.2coeHOulskSVGBBjftr5dEyF199um5LBk9iAdsek-qA-1536x1152.jpeg 1536w, https:\/\/msradost.com\/svazarmovska1444\/wp-content\/uploads\/2026\/02\/att.2coeHOulskSVGBBjftr5dEyF199um5LBk9iAdsek-qA.jpeg 2048w\" sizes=\"auto, (max-width: 1024px) 100vw, 1024px\" \/><\/figure>\n","protected":false},"excerpt":{"rendered":"<p>V na\u0161em \u0161kolkov\u00e9m ateli\u00e9ru m\u00e1me vlastn\u00ed d\u011btskou kuchy\u0148ku, kde d\u011bti pravideln\u011b va\u0159\u00ed, pe\u010dou a objevuj\u00ed radost z p\u0159\u00edpravy j\u00eddla. Tato&#8230;<\/p>\n","protected":false},"author":2,"featured_media":0,"parent":0,"menu_order":0,"comment_status":"closed","ping_status":"closed","template":"","meta":{"footnotes":""},"class_list":["post-3096","page","type-page","status-publish","hentry"],"_links":{"self":[{"href":"https:\/\/msradost.com\/svazarmovska1444\/wp-json\/wp\/v2\/pages\/3096","targetHints":{"allow":["GET"]}}],"collection":[{"href":"https:\/\/msradost.com\/svazarmovska1444\/wp-json\/wp\/v2\/pages"}],"about":[{"href":"https:\/\/msradost.com\/svazarmovska1444\/wp-json\/wp\/v2\/types\/page"}],"author":[{"embeddable":true,"href":"https:\/\/msradost.com\/svazarmovska1444\/wp-json\/wp\/v2\/users\/2"}],"replies":[{"embeddable":true,"href":"https:\/\/msradost.com\/svazarmovska1444\/wp-json\/wp\/v2\/comments?post=3096"}],"version-history":[{"count":3,"href":"https:\/\/msradost.com\/svazarmovska1444\/wp-json\/wp\/v2\/pages\/3096\/revisions"}],"predecessor-version":[{"id":3114,"href":"https:\/\/msradost.com\/svazarmovska1444\/wp-json\/wp\/v2\/pages\/3096\/revisions\/3114"}],"wp:attachment":[{"href":"https:\/\/msradost.com\/svazarmovska1444\/wp-json\/wp\/v2\/media?parent=3096"}],"curies":[{"name":"wp","href":"https:\/\/api.w.org\/{rel}","templated":true}]}}