{"id":324,"date":"2018-09-23T18:53:37","date_gmt":"2018-09-23T16:53:37","guid":{"rendered":"http:\/\/msradost.com\/svazarmovska1444\/?page_id=324"},"modified":"2026-03-24T08:55:21","modified_gmt":"2026-03-24T07:55:21","slug":"kontakty","status":"publish","type":"page","link":"https:\/\/msradost.com\/svazarmovska1444\/kontakty\/","title":{"rendered":"kontakty"},"content":{"rendered":"<div><span style=\"color: #000000;\"><strong>Adresa mate\u0159sk\u00e9 \u0161koly:<\/strong><\/span><\/div>\n<div class=\"entry\">\n<dl>\n<dt><span style=\"color: #000000;\">Mate\u0159sk\u00e1 \u0161kola Radost, Ro\u017enov p. R., p\u0159\u00edsp\u011bvkov\u00e1 organizace<\/span><br \/>\n<span style=\"color: #000000;\">Svazarmovsk\u00e1 1444, 756 61 Ro\u017enov pod Radho\u0161t\u011bm<\/span><\/dt>\n<\/dl>\n<\/div>\n<p><span style=\"color: #000000;\"><strong><br \/>\nwww adresa:<br \/>\n<\/strong>msradost.com\/svazarmovska1444<\/span><\/p>\n<p><span style=\"color: #000000;\">email:<\/span><br \/>\n<a href=\"mailto:zastupkyne.svaz@msradost.com\">zastupkyne.svaz@msradost.com<\/a><br \/>\n<strong><br \/>\n<span style=\"color: #000000;\">I\u010cO:<\/span><br \/>\n<\/strong><span style=\"color: #000000;\">70887659<\/span><br \/>\n<span style=\"color: #000000;\"><strong><br \/>\n\u0158editelka:<br \/>\n<\/strong>Mgr. Milena Kohoutov\u00e1<\/span><br \/>\n<span style=\"color: #000000;\"><strong><br \/>\nZ\u00e1stupkyn\u011b \u0159editelky:<br \/>\n<\/strong>Tereza \u010c\u00e1ste\u010dkov\u00e1<br \/>\n<\/span>tel.: +420 739 589 095<br \/>\n<span style=\"color: #000000;\"><strong><br \/>\nTelefonn\u00ed kontakty do t\u0159\u00edd:<br \/>\n<\/strong><\/span><\/p>\n<div>\n<p class=\"-wm-MsoNormal\"><span style=\"color: #000000;\">1.t\u0159. Brou\u010dci: +420 734 695 487<\/span><br \/>\n<span style=\"color: #000000;\">2.t\u0159. Ku\u0159\u00e1tka: +420 734 695 488<\/span><br \/>\n<span style=\"color: #000000;\">3.t\u0159. Ko\u0165\u00e1tka: +420 605 598 941<\/span><br \/>\n<span style=\"color: #000000;\">4.t\u0159. Medv\u00eddci: +420 605 598 900<\/span><\/p>\n<\/div>\n<p><span style=\"color: #000000;\"><strong><br \/>\nKontakt na vedouc\u00ed stravov\u00e1n\u00ed:<br \/>\n<\/strong><\/span><span style=\"color: #000000;\">+420 732 882 731<\/span><\/p>\n<p>*pro odhl\u00e1\u0161en\u00ed stravov\u00e1n\u00ed za\u0161lete SMS na uveden\u00e9 telefonn\u00ed \u010d\u00edslo<\/p>\n","protected":false},"excerpt":{"rendered":"<p>Adresa mate\u0159sk\u00e9 \u0161koly: Mate\u0159sk\u00e1 \u0161kola Radost, Ro\u017enov p. R., p\u0159\u00edsp\u011bvkov\u00e1 organizace Svazarmovsk\u00e1 1444, 756 61 Ro\u017enov pod Radho\u0161t\u011bm www adresa:&#8230;<\/p>\n","protected":false},"author":2,"featured_media":0,"parent":0,"menu_order":0,"comment_status":"closed","ping_status":"closed","template":"","meta":{"footnotes":""},"class_list":["post-324","page","type-page","status-publish","hentry"],"_links":{"self":[{"href":"https:\/\/msradost.com\/svazarmovska1444\/wp-json\/wp\/v2\/pages\/324","targetHints":{"allow":["GET"]}}],"collection":[{"href":"https:\/\/msradost.com\/svazarmovska1444\/wp-json\/wp\/v2\/pages"}],"about":[{"href":"https:\/\/msradost.com\/svazarmovska1444\/wp-json\/wp\/v2\/types\/page"}],"author":[{"embeddable":true,"href":"https:\/\/msradost.com\/svazarmovska1444\/wp-json\/wp\/v2\/users\/2"}],"replies":[{"embeddable":true,"href":"https:\/\/msradost.com\/svazarmovska1444\/wp-json\/wp\/v2\/comments?post=324"}],"version-history":[{"count":18,"href":"https:\/\/msradost.com\/svazarmovska1444\/wp-json\/wp\/v2\/pages\/324\/revisions"}],"predecessor-version":[{"id":3131,"href":"https:\/\/msradost.com\/svazarmovska1444\/wp-json\/wp\/v2\/pages\/324\/revisions\/3131"}],"wp:attachment":[{"href":"https:\/\/msradost.com\/svazarmovska1444\/wp-json\/wp\/v2\/media?parent=324"}],"curies":[{"name":"wp","href":"https:\/\/api.w.org\/{rel}","templated":true}]}}