{"id":479,"date":"2018-11-28T20:03:05","date_gmt":"2018-11-28T19:03:05","guid":{"rendered":"http:\/\/msradost.com\/svazarmovska1444\/?page_id=479"},"modified":"2025-12-17T21:01:29","modified_gmt":"2025-12-17T20:01:29","slug":"logopedicka-prevence","status":"publish","type":"page","link":"https:\/\/msradost.com\/svazarmovska1444\/logopedicka-prevence\/","title":{"rendered":"Logopedick\u00e1 prevence"},"content":{"rendered":"<div dir=\"auto\"><span style=\"color: #000000;\">Logopedick\u00e1 prevence pat\u0159\u00ed na na\u0161\u00ed \u0161kole k ned\u00edln\u00e9 sou\u010d\u00e1sti p\u0159\u00edpravy d\u011bt\u00ed na p\u0159estup z M\u0160 do Z\u0160.<\/span><\/div>\n<div dir=\"auto\"><span style=\"color: #ffffff;\">&lt;br&gt;<\/span><\/div>\n<div dir=\"auto\"><span style=\"color: #000000;\">Logopedie prob\u00edh\u00e1 ka\u017ed\u00fd t\u00fdden 1x st\u0159\u00eddav\u011b v sud\u00fdch t\u00fddnech dopoledne a v lich\u00fdch t\u00fddnech odpoledne, pod veden\u00edm logopedky p. \u0159editelky Mileny Kohoutov\u00e9 a logopedick\u00e9 asistentky p. u\u010d. Simony\u00a0Fiur\u00e1\u0161kov\u00e9. Tato pravidelnost umo\u017e\u0148uje p\u0159izp\u016fsobit p\u00e9\u010di individu\u00e1ln\u00edm pot\u0159eb\u00e1m d\u011bt\u00ed i denn\u00edmu re\u017eimu t\u0159\u00edd.<\/span><\/div>\n<div dir=\"auto\"><span style=\"color: #000000;\">Logopedick\u00e1 asistentka pracuje s jednotlivci ze skupiny vybran\u00fdch d\u011bt\u00ed, kter\u00e9 maj\u00ed jednoduch\u00e9 a m\u00e9n\u011b \u010detn\u00e9 vady v\u00fdslovnosti. Procvi\u010dov\u00e1n\u00ed trv\u00e1 deset a\u017e patn\u00e1ct minut a prob\u00edh\u00e1 v kabinetu logopedie, kde d\u011bti pracuj\u00ed u logopedick\u00e9ho zrcadla v klidn\u00e9m a bezpe\u010dn\u00e9m prost\u0159ed\u00ed. N\u00e1prava zahrnuje dechov\u00e1 a fona\u010dn\u00ed cvi\u010den\u00ed, oromotorick\u00e1 cvi\u010den\u00ed, vyvozov\u00e1n\u00ed dan\u00e9 hl\u00e1sky, rytmizaci i grafomotorick\u00e9 \u010dinnosti. Vyvozenou a ji\u017e upevn\u011bnou hl\u00e1sku d\u011bti n\u00e1sledn\u011b procvi\u010duj\u00ed ve slovech, v\u011bt\u00e1ch a \u0159\u00edkadlech.<\/span><\/div>\n<div dir=\"auto\"><span style=\"color: #ffffff;\">&lt;br&gt;<\/span><\/div>\n<div dir=\"auto\"><span style=\"color: #000000;\">Ka\u017ed\u00e9 d\u00edt\u011b m\u00e1 sv\u016fj pracovn\u00ed se\u0161it, do kter\u00e9ho je zaznamen\u00e1n postup pr\u00e1ce a \u00fakol, kter\u00fd z\u00e1rove\u0148 slou\u017e\u00ed jako vod\u00edtko pro rodi\u010de p\u0159i dom\u00e1c\u00edm procvi\u010dov\u00e1n\u00ed. Spolupr\u00e1ce rodiny je velmi d\u016fle\u017eit\u00e1, proto\u017ee pravideln\u00e9 opakov\u00e1n\u00ed v dom\u00e1c\u00edm prost\u0159ed\u00ed urychluje a usnad\u0148uje cel\u00fd proces.<\/span><\/div>\n<div dir=\"auto\"><span style=\"color: #ffffff;\">&lt;br&gt;<\/span><\/div>\n<div dir=\"auto\"><span style=\"color: #000000;\">Pokud je to pot\u0159eba, je rodi\u010d p\u0159izv\u00e1n ke spole\u010dn\u00e9mu sezen\u00ed, kde z\u00edsk\u00e1 uk\u00e1zku pr\u00e1ce i pou\u010den\u00ed o spr\u00e1vn\u00e9m postupu. Ve\u0161ker\u00e1 \u010dinnost prob\u00edh\u00e1 hravou a p\u0159\u00e1telskou formou, aby m\u011blo d\u00edt\u011b radost z ka\u017ed\u00e9ho pokroku a chu\u0165 d\u00e1le pracovat.<\/span><\/div>\n<div dir=\"auto\"><span style=\"color: #ffffff;\">&lt;br&gt;<\/span><\/div>\n<div dir=\"auto\"><span style=\"color: #000000;\">T\u011b\u0161\u00ed se na v\u00e1s<\/span><\/div>\n<div dir=\"auto\"><span style=\"color: #000000;\">p. u\u010d. Simona Fiur\u00e1\u0161kov\u00e1 (z Ku\u0159\u00e1tek)<\/span><\/div>\n","protected":false},"excerpt":{"rendered":"<p>Logopedick\u00e1 prevence pat\u0159\u00ed na na\u0161\u00ed \u0161kole k ned\u00edln\u00e9 sou\u010d\u00e1sti p\u0159\u00edpravy d\u011bt\u00ed na p\u0159estup z M\u0160 do Z\u0160. &lt;br&gt; Logopedie prob\u00edh\u00e1&#8230;<\/p>\n","protected":false},"author":2,"featured_media":0,"parent":0,"menu_order":0,"comment_status":"closed","ping_status":"closed","template":"","meta":{"footnotes":""},"class_list":["post-479","page","type-page","status-publish","hentry"],"_links":{"self":[{"href":"https:\/\/msradost.com\/svazarmovska1444\/wp-json\/wp\/v2\/pages\/479","targetHints":{"allow":["GET"]}}],"collection":[{"href":"https:\/\/msradost.com\/svazarmovska1444\/wp-json\/wp\/v2\/pages"}],"about":[{"href":"https:\/\/msradost.com\/svazarmovska1444\/wp-json\/wp\/v2\/types\/page"}],"author":[{"embeddable":true,"href":"https:\/\/msradost.com\/svazarmovska1444\/wp-json\/wp\/v2\/users\/2"}],"replies":[{"embeddable":true,"href":"https:\/\/msradost.com\/svazarmovska1444\/wp-json\/wp\/v2\/comments?post=479"}],"version-history":[{"count":10,"href":"https:\/\/msradost.com\/svazarmovska1444\/wp-json\/wp\/v2\/pages\/479\/revisions"}],"predecessor-version":[{"id":3042,"href":"https:\/\/msradost.com\/svazarmovska1444\/wp-json\/wp\/v2\/pages\/479\/revisions\/3042"}],"wp:attachment":[{"href":"https:\/\/msradost.com\/svazarmovska1444\/wp-json\/wp\/v2\/media?parent=479"}],"curies":[{"name":"wp","href":"https:\/\/api.w.org\/{rel}","templated":true}]}}